44)/(-21)*(-3)/(-2). Calculate the greatest common factor of h and k.
46
Let f(o) = -o**2 + o + 3. Let j be f(0). Suppose -v - j*v - 7 = 5*w, 0 = 4*w + 5*v + 11. What is the greatest common factor of w and 17?
1
Let m = -166 - -306. Let f be 1428/9 - (98 - 82)*(-2)/24. Calculate the greatest common divisor of f and m.
20
Let t be (-1 - (-1 - -2))*63936/(-444). What is the greatest common factor of 64 and t?
32
Let y be (-12)/(-54) - 14/63. Suppose -5*s = i - 12 - 39, -5*s - 25 = y. What is the greatest common factor of i and 190?
38
Let y = 4082 - 4054. Let t be -1 + -9*4/(-6). Suppose -t*r + 114 = 2*g + 35, -4*r - 4 = 0. Calculate the highest common factor of y and g.
14
Let p be (8 + (-304)/40)/(6/45). Let m be (-56)/(p + 5) - -91. Let v be (-34)/(-3) + 2/3. What is the highest common divisor of v and m?
12
Let w(b) = -b**3 - 32*b**2 - 51*b - 103. Let q be w(-32). Calculate the highest common factor of q and 11.
11
Let j = -16325 - -16415. What is the greatest common divisor of j and 630?
90
Let w be (-12)/4 + (5 - 0) + 195. Let k be w/5 + (-15)/(-25). Calculate the highest common divisor of k and 32.
8
Suppose 0 = -x - 2*x + 45. Let h be (-9)/x + 86/10. Suppose 5*l + 42 = h*l. Calculate the greatest common factor of 126 and l.
14
Let k be (-2)/(-14)*3 + (-12)/28. Suppose k = -j - 10 + 12. Calculate the greatest common divisor of 10 and j.
2
Suppose 242*i = 912 + 782. Let u(r) = r + 4. Let x be u(-3). Calculate the highest common factor of x and i.
1
Let v be 20/35*(7 + 133)/10. What is the highest common divisor of 106 and v?
2
Let k = 1268 + -1247. Calculate the greatest common factor of 222 and k.
3
Let h = -583 + 178. Let f be (17496/h)/((-4)/10). Calculate the highest common factor of f and 189.
27
Let b be (-2)/7 + (-160)/28. Let n(z) = -z**3 - 7*z**2 + 10. Let g be n(b). Let a = g + 37. What is the greatest common divisor of a and 11?
11
Let c be ((-39)/12 + 3)/((-7)/140). Suppose 2*x - 6*x - 4*l = -200, 173 = 4*x - c*l. What is the greatest common factor of 611 and x?
47
Let w = -2548 + 2558. What is the greatest common divisor of 32 and w?
2
Let x(i) be the first derivative of 60*i**2 + 15*i - 158. Let a be x(6). Calculate the greatest common factor of a and 105.
105
Let c be (-26 + 29)*(-19)/2*-50. What is the highest common divisor of 150 and c?
75
Let g = -525 - -531. Suppose -b - 18 = -5*v, 4*v = 2*v + 2*b + 12. What is the greatest common divisor of g and v?
3
Suppose s = 11*a - 4*a, 0 = 4*s + 2*a - 120. What is the highest common factor of s and 64?
4
Let b = 2777 - 2492. What is the greatest common factor of b and 1083?
57
Let j(q) = 38*q + 2*q**2 - 52 - 3*q**2 - 25*q - 34*q. Let v be j(-17). Let h(c) = -13*c - 1. Let z be h(-5). Calculate the highest common factor of z and v.
16
Suppose 14*p - 29894 = -15694 + 137840. What is the highest common factor of p and 120?
60
Suppose q = 5*a - 254, q - 8 = 3*q. Suppose 4*y + 1300 = 1696. Suppose 0 = -104*d + y*d + a. What is the greatest common divisor of d and 90?
10
Let k be -2*(-5)/10*15. Suppose k*r = 189 - 69. Suppose r*z - 3 - 213 = 0. What is the greatest common divisor of 9 and z?
9
Let p be ((-1)/(-10))/(14/(-280)*-2). Calculate the greatest common divisor of p and 76.
1
Suppose -8*s + 6*s = -4. Suppose -4*w = -4*d - 44, -4*w + 17 = -5*d - 31. Calculate the highest common factor of w and s.
1
Suppose 3*h - 2*x - 1201 = 0, -5*x + 22 = 32. Let z = h - 311. Let t = -11 + 22. Calculate the greatest common factor of z and t.
11
Let p(i) = 39*i - 18 - i**2 + 3 - 24*i + 5*i**2. Let c be p(-7). Calculate the highest common factor of c and 4.
4
Let f(o) = o**3 - 16*o**2 + 164*o - 12. Let p be f(19). What is the highest common factor of 395 and p?
79
Let y(r) = r + 31. Let f be 42*((-12)/60)/((-6)/10). Let z be y(f). Suppose 2*l - 96 = -3*i, -i = -2*l + 8 - 32. What is the highest common factor of i and z?
15
Suppose -5*z + 4*z = 4, -188 = -5*i + 2*z. Suppose -388 + 97 = -5*n + 3*f, -4*f - 136 = -2*n. Calculate the greatest common factor of i and n.
18
Let v(h) = 2*h**3 + 4*h**2 - 4*h + 3. Let q be v(-5). Let p = 138 + q. Calculate the highest common divisor of p and 176.
11
Let t(a) = -21*a - 38. Let b be t(-3). Suppose 36582 = 14*i + b*i. Calculate the highest common factor of 14 and i.
14
Let w(n) = 2*n + 18. Suppose 11*h - 21*h - 40 = 0. Let x be w(h). What is the highest common divisor of x and 10?
10
Let w = 48 - 141. Let d = 47 + w. Let h = d - -53. What is the highest common divisor of h and 7?
7
Let k(m) = 83*m**3 - 2*m**2 - m. Let q be k(-1). Let d = q - -52. Let j be -2*(-4)/d - 57/(-4). Calculate the highest common divisor of j and 2.
2
Let q = 229 + -223. Let w be (209/22 - q)*(-8)/(-7). Let g(z) = -z**2 + 8*z + 3. Let i be g(8). What is the greatest common factor of w and i?
1
Let s(o) = -o**2 - 38*o + 744. Let t be s(14). Calculate the greatest common divisor of t and 548.
4
Let f(s) = -15*s + 79. Let j be f(-95). Calculate the greatest common divisor of j and 80.
16
Let p be 5*(-7 + (-28)/(-20)). Let g be 96/9*(-63)/p. Calculate the greatest common factor of g and 744.
24
Let k(s) = 4544*s**3 + 7*s**2 - 37*s + 66. Let o be k(2). Calculate the greatest common divisor of o and 28.
28
Let s = 149 - 141. Suppose -s*g + g + 980 = 0. What is the greatest common divisor of 350 and g?
70
Let j be (-1 + 0)/((-4)/68). Let r = -248 + 260. Let k be (10/r)/((-15)/(-9))*34. What is the greatest common divisor of j and k?
17
Let p(w) = 110*w + 496. Let k be p(0). What is the greatest common factor of k and 24?
8
Let y(o) = o**2 + 10*o + 12. Let r be y(-10). Suppose 216 = -8*h + 312. Calculate the highest common factor of r and h.
12
Let d(j) = -j**3 - 4*j**2 - 3*j - 4. Let y be d(-3). Let v be y*(3 - (-100)/(-16)). Let h be 2 + 6 + 0 - -5. Calculate the greatest common factor of h and v.
13
Suppose -5*n + 41*s - 51*s + 13750 = 0, 2*n - 5506 = 2*s. What is the greatest common divisor of 430 and n?
86
Let a(s) = 3 - s + 9 + 10 - 15. Let d(w) = -1. Let l(n) = a(n) + 2*d(n). Let o be l(-17). Calculate the highest common divisor of o and 55.
11
Suppose 0 = 3*a + 4*m - 113166, m = 7*a - 9*a + 75454. What is the highest common factor of 110 and a?
110
Let q be (-2636)/(-22) + 23/(3795/30). Let m be (-79)/(-2) - 1/(-2). What is the highest common factor of m and q?
40
Suppose 48 = 7*x - 5*x. Suppose k - 84 = -4*g - x, -g + 15 = k. Let n be (168/(-70))/((-1)/(2 + 48)). Calculate the greatest common divisor of n and g.
15
Let t(w) = 2*w**2 - 205*w + 7778. Let f be t(39). Calculate the highest common divisor of f and 200.
25
Let o(b) = -54*b**3 - 4*b**2 - 8*b - 6. Let x be o(-2). What is the highest common factor of x and 30?
6
Let i be ((-4)/(-1) + 52)*(-3)/(-3). What is the greatest common divisor of 644 and i?
28
Let c(f) = f + 5. Let l(t) = -3*t - 35. Let b be l(-11). Let h be c(b). Suppose h*z - 51 = -12. What is the greatest common factor of 91 and z?
13
Let x(t) = 3*t**3 + 196*t**2 - 135*t - 29. Let o be x(-66). Calculate the greatest common divisor of o and 689.
13
Suppose -i + 22 = 4*q, 3*q - 52 = -4*i - q. Suppose -6 = p - i. What is the greatest common factor of p and 13?
1
Let j(k) = 7*k**2 - 146*k - 173. Let g be j(24). Calculate the greatest common factor of g and 25.
5
Let g(p) be the second derivative of -4*p**3/3 + 102*p**2 - 28*p. Let q be g(19). Let r be 76 - (0 + -3 + 1). What is the greatest common factor of q and r?
26
Suppose -2*w + 2*j = 20, j - 38 = 3*w + 2*w. Let q = w + 12. Suppose -2*h - q*t - 3 + 2 = 0, -9 = 3*t. What is the greatest common factor of 14 and h?
7
Let p(w) = w**2 - 26*w + 46. Let y be p(22). Let t be (45/(-10))/((y/(-8))/(-7)). Let b be (6/54)/(2/t)*33. What is the greatest common factor of 110 and b?
11
Let p be (-194)/(-8) + (-1)/4. Let z = 388 + -388. Suppose -u + 5*s - 9*s + 36 = z, -3*u + s = -43. Calculate the highest common divisor of p and u.
8
Suppose 5*f - 5*y - 1090 = 0, 2*y = -f - 4*f + 1104. Let c = -84 + f. Calculate the highest common divisor of c and 102.
34
Let w be (-2)/(-7) + 1076/7. Let o(k) = 2*k**2 - 19*k - 39. Let s be o(-9). Let m = s - w. What is the greatest common factor of m and 56?
28
Suppose -11*d + 27*d + 96 = 0. Let i be (-6 - (d - -7))/(-7). What is the highest common divisor of 1 and i?
1
Suppose 170712 = -23*d 